{"id":1745,"date":"2015-07-02T19:57:51","date_gmt":"2015-07-02T19:57:51","guid":{"rendered":"http:\/\/sonriaimagen.com\/sitio\/?page_id=1745"},"modified":"2026-01-30T19:51:06","modified_gmt":"2026-01-30T19:51:06","slug":"somos","status":"publish","type":"page","link":"http:\/\/www.sonria.cl\/sitio\/somos\/","title":{"rendered":"somo"},"content":{"rendered":"\n<div style=\"height:19px\" aria-hidden=\"true\" class=\"wp-block-spacer\"><\/div>\n\n\n\n<h3 class=\"wp-block-heading\">Somos un estudio creativo con m\u00e1s de 22 a\u00f1os de experiencia en comunicaci\u00f3n visual, formado por Raiza Vera Ugas y Ernesto Iturrieta Andrades \/ Fotograf\u00eda, dise\u00f1o, web, asesor\u00eda creativa, producci\u00f3n y gesti\u00f3n cultural.<\/h3>\n\n\n\n<div style=\"height:20px\" aria-hidden=\"true\" class=\"wp-block-spacer\"><\/div>\n\n\n\n<p class=\"has-large-font-size\">Nuestra experiencia en comunicaci\u00f3n visual va desde direcci\u00f3n de arte, identidad visual, asesor\u00eda creativa, dise\u00f1o web, car\u00e1tulas de discos a fotograf\u00eda patrimonial, editorial, publicitaria, arquitect\u00f3nica y de eventos tanto para organizaciones, instituciones y empresas como para m\u00fasicos, medios de comunicaci\u00f3n y variedad de artistas.<\/p>\n\n\n\n<p style=\"font-size:clamp(0.929rem, 0.929rem + ((1vw - 0.2rem) * 0.819), 1.4rem);\">Apoyamos instancias de comunicaci\u00f3n en el \u00e1mbito pol\u00edtico y social porque creemos que no todo es dinero. Estamos constantemente en procesos de b\u00fasqueda personal, experimentaci\u00f3n desarollando nuestros propios proyectos.\u2028\u2028Nos han invitado a conversatorios y talleres para compartir nuestra experiencia en escuelas de dise\u00f1o, publicidad, periodismo y ferias de dise\u00f1o en Valpara\u00edso, Santiago y Concepci\u00f3n.\u2028Feria del libro Vi\u00f1a del Mar \u2013 Zona Dise\u00f1o \u2013 Universidad Popular de Valpara\u00edso \u2013 INACAP V Regi\u00f3n \u2013 Universidad de Playa Ancha \u2013 Duoc-UC Vi\u00f1a del Mar \u2013 Universidad de Las Am\u00e9ricas Stgo. \u2013 Universidad de Valpara\u00edso, entre otros espacios y estuvimos nominados al premio Altazor com nuestro libro sobre la Imprenta en Valpara\u00edso.<\/p>\n\n\n\n<div style=\"height:20px\" aria-hidden=\"true\" class=\"wp-block-spacer\"><\/div>\n\n\n\n<p style=\"font-size:clamp(0.929rem, 0.929rem + ((1vw - 0.2rem) * 0.819), 1.4rem);\"><strong>Raiza Vera Ugas\u00a0\u2013\u00a0Fot\u00f3grafa<\/strong> \/ Directora creativa \/ Productora \/ Ha dictado c\u00e1tedra de fotograf\u00eda digital en Mag\u00edster en Comunicaci\u00f3n y fotograf\u00eda documental en la carrera de periodismo PUCV, carrera de dise\u00f1o Universidad Santo Tom\u00e1s y Escuela Internacional de Artes Culinarias Culinary Vi\u00f1a del Mar.\u2028Estudi\u00f3 fotograf\u00eda publicitaria en Incacea Vi\u00f1a del mar, es diplomada en fotograf\u00eda digital Pontificia Universidad Cat\u00f3lica de Stgo.\u2028Ha sido fot\u00f3grafa en distintas \u00e1reas y carreras de la Pontificia Universidad Cat\u00f3lica de Valpara\u00edso, parte del equipo de fotograf\u00eda\u00a0Puerto de Ideas\u00a0y Tsonami Arte Sonoro.\u2028Ha expuesto de manera individual y colectiva. Ha formado parte de colectivos en FIFV.<br>Ha producido ferias de artes y oficios como \u00abFeria Espacial\u00bb, Feria \u00abColores Y Sabores\u00bb (Para Festival de las Artes de Valpara\u00edso, MINCAP) y el Multi-Evento de lanzamiento nueva sede INACAP Valpara\u00edso en Caleta Portales.\u2028\u2028Actualmente desarrolla proyectos personales en fotograf\u00eda.<\/p>\n\n\n\n<div style=\"height:20px\" aria-hidden=\"true\" class=\"wp-block-spacer\"><\/div>\n\n\n\n<p style=\"font-size:clamp(0.929rem, 0.929rem + ((1vw - 0.2rem) * 0.819), 1.4rem);\"><strong>Ernesto Iturrieta Andrades\u00a0\u2013 Dise\u00f1ador gr\u00e1fico, fot\u00f3grafo<\/strong> \/ Trabaj\u00f3 como dise\u00f1ador, director de arte y creativo de agencias de publicidad y dise\u00f1o en Santiago entre 1991 y 2004 (Carcavilla, Puerto Dise\u00f1o, Portafolio Creativo, entre otras). Fue director creativo en Direcci\u00f3n de Comunicaciones UPLA, a cargo del cambio de imagen gr\u00e1fica institucional de\u00a0Universidad de Playa Ancha\u00a0entre 2006 y 2016.<br>Hizo clases de retoque digital, dise\u00f1o de informaci\u00f3n, UX\/UI y dise\u00f1o editorial en carrera dise\u00f1o gr\u00e1fico Universidad Santo Tom\u00e1s Vi\u00f1a del Mar.<br>Estudi\u00f3 dise\u00f1o gr\u00e1fico en INACAP Vi\u00f1a del Mar (1991) diplomado en fotograf\u00eda de la Escuela de Cine de Chile, Stgo.\u2028Diplomado en Comunicaci\u00f3n estrat\u00e9gica Escuela de perdiodismo PUCV. Ha obtenido reconocimientos en concursos de fotograf\u00eda como Fotocine Club Stgo. y Vi\u00f1a del Mar. Primer lugar fotograf\u00eda digital Bienal de Arquitectura 2000 Stgo.<br>Actualmente dise\u00f1ador, webmaster y creativo en la plataforma de cine chileno\u00a0OndaMedia\u00a0www.ondamedia.cl\u00a0del Ministerio de las Cultura, las Artes y el Patrimonio (imagen, dise\u00f1o de interfaces para web, APPs, RRSS)<\/p>\n\n\n\n<div style=\"height:20px\" aria-hidden=\"true\" class=\"wp-block-spacer\"><\/div>\n\n\n\n<p class=\"has-large-font-size\">_Raiza Vera Ugas\u2028fot\u00f3grafa<br>+56 9 54809794\u2028<br>raiza@sonria.cl\u2028<\/p>\n\n\n\n<p class=\"has-large-font-size\">_\u2028Neto Iturrieta Andrades<br>+56 9 84766856\u2028<br>hola@sonria.cl<\/p>\n\n\n\n<p><\/p>\n","protected":false},"excerpt":{"rendered":"<p>Somos un estudio creativo con m\u00e1s de 22 a\u00f1os de experiencia en comunicaci\u00f3n visual, formado por Raiza Vera Ugas y Ernesto Iturrieta Andrades \/ Fotograf\u00eda, dise\u00f1o, web, asesor\u00eda creativa, producci\u00f3n y gesti\u00f3n cultural. Nuestra experiencia en comunicaci\u00f3n visual va desde direcci\u00f3n de arte, identidad visual, asesor\u00eda creativa, dise\u00f1o web, car\u00e1tulas de discos a fotograf\u00eda patrimonial, [&hellip;]<\/p>\n","protected":false},"author":1,"featured_media":0,"parent":0,"menu_order":0,"comment_status":"closed","ping_status":"closed","template":"","meta":{"cybocfi_hide_featured_image":"","footnotes":""},"categories":[],"tags":[38,46,47,51],"class_list":["post-1745","page","type-page","status-publish","hentry","tag-neto-iturrieta","tag-raiza-vera-ugas-2","tag-sonria-comunicacion-visual","tag-valparaiso"],"_links":{"self":[{"href":"http:\/\/www.sonria.cl\/sitio\/wp-json\/wp\/v2\/pages\/1745","targetHints":{"allow":["GET"]}}],"collection":[{"href":"http:\/\/www.sonria.cl\/sitio\/wp-json\/wp\/v2\/pages"}],"about":[{"href":"http:\/\/www.sonria.cl\/sitio\/wp-json\/wp\/v2\/types\/page"}],"author":[{"embeddable":true,"href":"http:\/\/www.sonria.cl\/sitio\/wp-json\/wp\/v2\/users\/1"}],"replies":[{"embeddable":true,"href":"http:\/\/www.sonria.cl\/sitio\/wp-json\/wp\/v2\/comments?post=1745"}],"version-history":[{"count":227,"href":"http:\/\/www.sonria.cl\/sitio\/wp-json\/wp\/v2\/pages\/1745\/revisions"}],"predecessor-version":[{"id":5541,"href":"http:\/\/www.sonria.cl\/sitio\/wp-json\/wp\/v2\/pages\/1745\/revisions\/5541"}],"wp:attachment":[{"href":"http:\/\/www.sonria.cl\/sitio\/wp-json\/wp\/v2\/media?parent=1745"}],"wp:term":[{"taxonomy":"category","embeddable":true,"href":"http:\/\/www.sonria.cl\/sitio\/wp-json\/wp\/v2\/categories?post=1745"},{"taxonomy":"post_tag","embeddable":true,"href":"http:\/\/www.sonria.cl\/sitio\/wp-json\/wp\/v2\/tags?post=1745"}],"curies":[{"name":"wp","href":"https:\/\/api.w.org\/{rel}","templated":true}]}}